e 2, what is 10010100011101011100110 - -11?
10010100011101011101001
In base 16, what is 3 - 1db697?
-1db694
In base 10, what is -15076 + -857?
-15933
In base 8, what is 446 - 1704111?
-1703443
In base 5, what is -244110 - 1113?
-300223
In base 10, what is -145096 - 237?
-145333
In base 4, what is -1320100132 - -22?
-1320100110
In base 9, what is -422075843 + 1?
-422075842
In base 15, what is -21 - -216e29?
216e08
In base 8, what is -1775 - -1175?
-600
In base 8, what is -136 + 363115?
362757
In base 13, what is 48133 - 1b9?
47c47
In base 6, what is -3423512 + -42?
-3423554
In base 12, what is 26a3 + 3576?
6059
In base 15, what is -4 - -206024?
206020
In base 8, what is 13567 + -3235?
10332
In base 16, what is 33 + -6337?
-6304
In base 5, what is -2420420211 - -40?
-2420420121
In base 16, what is 5801035 - -1?
5801036
In base 11, what is -5 + -786860?
-786865
In base 10, what is -574 - 159946?
-160520
In base 7, what is 115542 + -2666?
112543
In base 8, what is 136 - 26202732?
-26202574
In base 7, what is 62002 + -64542?
-2540
In base 11, what is 0 - -a07a976?
a07a976
In base 10, what is -10332 - 346?
-10678
In base 14, what is 2 + c650bc?
c650c0
In base 12, what is -1084a0 - 351?
-108831
In base 14, what is 7 + -17c700a?
-17c7003
In base 3, what is -200020020 + 11002?
-200002011
In base 10, what is 2066 + 218617?
220683
In base 2, what is 11001011100000001111000100 + 10?
11001011100000001111000110
In base 13, what is -5288 + -735?
-59c0
In base 11, what is -15 + 2779a7a2?
2779a788
In base 15, what is 2 + 3b87ad?
3b87b0
In base 10, what is -150 - -661683?
661533
In base 8, what is -75 + 12656?
12561
In base 6, what is -1 - -5122341215?
5122341214
In base 5, what is 11 - 11012434?
-11012423
In base 7, what is 15 - -52015621?
52015636
In base 3, what is -11120002 - -12221120220?
12210000211
In base 11, what is 101 - -96902?
96a03
In base 2, what is -1000100101100110000110 - 101?
-1000100101100110001011
In base 12, what is 1 + -81732a?
-817329
In base 11, what is 31 + -337114?
-337093
In base 10, what is 27 + -20153594?
-20153567
In base 5, what is -13013320 - 11034?
-13024404
In base 10, what is -2550 + 23707?
21157
In base 4, what is 1011332 - 1232103?
-220111
In base 10, what is -18 - -31759205?
31759187
In base 8, what is 105602 - 6523?
77057
In base 13, what is 27158 + -1895?
25593
In base 9, what is 16517085 - 2?
16517083
In base 13, what is -17915c2 + -5?
-17915c7
In base 8, what is 3132 - 2146135?
-2143003
In base 12, what is -1 - 25969363?
-25969364
In base 7, what is -25310403 + -3?
-25310406
In base 6, what is 3 - -111545435?
111545442
In base 12, what is -104222 - -37?
-1041a7
In base 11, what is -15882 + -a0?
-15972
In base 9, what is 1 - 1578070?
-1578068
In base 3, what is 20 + 202201222120122?
202201222120212
In base 15, what is -16724 - 6?
-1672a
In base 13, what is 11b + 187268?
187386
In base 8, what is -1124 - -4411?
3265
In base 5, what is -2221132 - -310042?
-1411040
In base 8, what is 37452346 + -43?
37452303
In base 16, what is -115e2f3 + -5?
-115e2f8
In base 9, what is -4837527 - -108?
-4837418
In base 7, what is -12156345 + 5?
-12156340
In base 10, what is -20378 + 436?
-19942
In base 7, what is 122 + -1141514?
-1141362
In base 6, what is 132433 + -1425454?
-1253021
In base 3, what is -21201122211202211 + -10?
-21201122211202221
In base 5, what is -4013 - 314012214?
-314021232
In base 3, what is 122100 - -2020112021?
2021011121
In base 12, what is -b67b8 + 141?
-b6677
In base 13, what is -c558b86 - -7?
-c558b7c
In base 4, what is -221 + -1210231310?
-1210232131
In base 10, what is 2 + -7411488?
-7411486
In base 9, what is 485314 + -176?
485127
In base 13, what is 5 - 292a30?
-292a28
In base 11, what is 1954533 + -4?
195452a
In base 11, what is 4a94561a + 5?
4a945624
In base 6, what is 44400515 - 24?
44400451
In base 15, what is -1debb - -a5?
-1de16
In base 4, what is 22110 + 310301230?
310330000
In base 11, what is -10 + -14069a?
-1406aa
In base 6, what is 3231110 - -10423?
3241533
In base 12, what is -4 + -1488464?
-1488468
In base 14, what is -1d2cb4 - 39?
-1d2d0d
In base 9, what is -2812 + -150?
-3062
In base 6, what is -11352411 - -4?
-11352403
In base 8, what is 1117640303 - 0?
1117640303
In base 16, what is -a61e43 - 3?
-a61e46
In base 4, what is 113012021122 - -33?
113012021221
In base 9, what is 8 - -176141?
176150
In base 8, what is -1 + 5347007?
5347006
In base 2, what is 11111010010100101101000 + 1?
11111010010100101101001
In base 6, what is -351502 - -2410?
-345052
In base 4, what is -1313100310 - 120?
-1313101030
In base 9, what is 23 + 1860028?
1860052
In base 4, what is -1 - 3333103230?
-3333103231
In base 4, what is -10 - -11322220033313?
11322220033303
In base 3, what is -22112100 - 200221?
-100020021
In base 14, what is -50b5 - 108b?
-6162
In base 13, what is -a1a2978 - 1?
-a1a2979
In base 15, what is -1 + -2886d5?
-2886d6
In base 11, what is 4 + -39913a34?
-39913a30
In base 6, what is -1 - -13440030?
13440025
In base 9, what is -2277 - 16250?
-18537
In base 2, what is -1101010111010011010 - 10101010?
-1101010111101000100
In base 13, what is 1385205 + 4?
1385209
In base 14, what is -8b6261 - 8b?
-8b630c
In base 5, what is 32 + -1312004201?
-1312004114
In base 10, what is 3 - -12106934?
12106937
In base 13, what is 197 - 28725?
-2855b
In base 9, what is 15 + 75517580?
75517605
In base 12, what is 1555a6 + 495?
155a7b
In base 8, what is -275 + 176502?
176205
In base 12, what is 13a4414 + 65?
13a4479
In base 14, what is 2 - -9a3dd2?
9a3dd4
In base 10, what is -26210130 - 4?
-26210134
In base 15, what is 1a - 145028?
-14500d
In base 11, what is 92 + 5a476?
5a558
In base 7, what is 46440 + -15651?
30456
In base 7, what is 5 + -1206302115?
-1206302110
In base 14, what is 4576 + 150b?
5a83
In base 14, what is -9d - 10037?
-100d6
In base 6, what is 350 - 312333?
-311543
In base 10, what is 8259453 + -1?
8259452
In base 13, what is 1225645 - -3?
1225648
In base 5, what is 0 + -113320043?
-113320043
In base 16, what is 21488 + 38d?
21815
In base 7, what is -360 + 1550562?
1550202
In base 13, what is 372297 - -1a?
3722b4
In base 8, what is 7306647 + -74?
7306553
In base 7, what is 5 + 4065161?
4065166
In base 2, what is 100 - -10001111001111101010110?
10001111001111101011010
In base 9, what is -46 + 84647?
84601
In base 7, what is 12640565 + -21?
12640544
In base 9, what is 821486800 + -1?
821486788
In base 5, what is -42 + -21411114242?
-21411114334
In base 15, what is -440 - -197e?
153e
In base 15, what is -2181 - -1355b?
113ca
In base 3, what is 11 - 22102021021010221?
-22102021021010210
In base 9, what is -48836467 + 22?
-48836445
In base 8, what is 4706162254 + 0?
4706162254
In base 11, what is 263773 - 0?
263773
In base 4, what is -13311 - -212302?
132331
In base 7, what is -56 - -10434643?
10434554
In base 2, what is -11101111100010 - -1010100?
-11101110001110
In base 14, what is -3861c + -54?
-38672
In base 10, what is 4955 - -13438?
18393
In base 2, what is -1100000 + -10000000100100101001?
-10000000100110001001
In base 11, what is 130556935 + -2?
130556933
In base 11, what is -277 + 9a420?
9a154
In base 8, what is 1 + 3604323?
3604324
In base 2, what is 1001000011011010011010 + -100011?
1001000011011001110111
In base 6, what is 244344505 + 4?
244344513
In base 4, what is 2030113103202 - -1?
2030113103203
In base 16, what is b43 - -32306?
32e49
In base 6, what is 50 + -11202214?
-11202124
In base 11, what is 15546 + 2895?
18330
In base 14, what is -cab7a - b?
-cab87
In base 14, what is 33cb + 2b92?
617d
In base 5, what is 43301422 + -3300?
43243122
In base 11, what is 273689 - -193?
273871
In base 14, what is -5 + -6093?
-6098
In base 14, what is -c33cb - 3a?
-c3427
In base 10, what is 340681 - -10?
340691
In base 5, what is -1244433143 + 2?
-1244433141
In base 8, what is -3720 + 1125?
-2573
In base 6, what is 5 + 1154012030?
1154012035
In base 14, what is -1 - -12d5bc3?
12d5bc2
In base 13, what is 1167a - 1b8?
11492
In base 7, what is 31154 - -64310?
125464
In base 7, what is -3504156 + 421?
-3503435
In base 16, what is b8c54e8 - 0?
b8c54e8
In base 9, what is 3412483 - 26?
3412456
In base 7, what is 4 + -102316664?
-102316660
In base 14, what is 1b2c + -93b?
11d1
In base 9, what is 3 - 5661065?
-5661